t is the thousands digit of 7393045857?
5
What is the tens digit of 3938286?
8
What is the units digit of 34332816?
6
What is the ten thousands digit of 557764850?
6
What is the hundred thousands digit of 2588361945?
3
What is the ten thousands digit of 7065268?
6
What is the tens digit of 46677568?
6
What is the ten thousands digit of 1112172263?
7
What is the ten thousands digit of 112066677?
6
What is the millions digit of 778027697?
8
What is the ten millions digit of 24399098?
2
What is the ten millions digit of 35759931?
3
What is the hundred thousands digit of 3623141408?
1
What is the thousands digit of 113039166?
9
What is the ten thousands digit of 1457810274?
1
What is the thousands digit of 454382449?
2
What is the tens digit of 7328656?
5
What is the ten thousands digit of 203058211?
5
What is the hundred millions digit of 647397747?
6
What is the thousands digit of 49173911?
3
What is the hundred thousands digit of 26021309?
0
What is the millions digit of 612570831?
2
What is the tens digit of 75730891?
9
What is the tens digit of 504534569?
6
What is the ten millions digit of 1281077591?
8
What is the billions digit of 2108925609?
2
What is the billions digit of 6155225105?
6
What is the tens digit of 60657984?
8
What is the millions digit of 49978378?
9
What is the tens digit of 60545748?
4
What is the tens digit of 3704359948?
4
What is the ten thousands digit of 186883713?
8
What is the hundred thousands digit of 6443778?
4
What is the hundred thousands digit of 95827941?
8
What is the thousands digit of 510402510?
2
What is the millions digit of 48054098?
8
What is the tens digit of 31972709?
0
What is the hundred thousands digit of 157194332?
1
What is the hundreds digit of 8982526697?
6
What is the hundred thousands digit of 1654973679?
9
What is the hundred millions digit of 654625016?
6
What is the thousands digit of 3525809?
5
What is the billions digit of 2141924972?
2
What is the hundred thousands digit of 71204970?
2
What is the thousands digit of 4083620645?
0
What is the tens digit of 124668387?
8
What is the ten millions digit of 17481986?
1
What is the ten millions digit of 102998963?
0
What is the tens digit of 1818437360?
6
What is the millions digit of 20024773?
0
What is the ten thousands digit of 2204133770?
3
What is the hundred millions digit of 2821943087?
8
What is the units digit of 137019919?
9
What is the thousands digit of 411530467?
0
What is the hundreds digit of 417835188?
1
What is the hundred thousands digit of 336218759?
2
What is the thousands digit of 3478835497?
5
What is the millions digit of 48768548?
8
What is the tens digit of 98882778?
7
What is the tens digit of 604604875?
7
What is the hundred millions digit of 108566146?
1
What is the hundred thousands digit of 410095576?
0
What is the units digit of 293807180?
0
What is the hundreds digit of 1314914562?
5
What is the tens digit of 3890287730?
3
What is the millions digit of 47352466?
7
What is the hundred millions digit of 195646863?
1
What is the hundred millions digit of 614858283?
6
What is the thousands digit of 77772838?
2
What is the hundred thousands digit of 1892557928?
5
What is the millions digit of 37045231?
7
What is the ten millions digit of 1625474034?
2
What is the thousands digit of 15275006?
5
What is the hundred millions digit of 601137620?
6
What is the units digit of 14643028?
8
What is the units digit of 73539661?
1
What is the tens digit of 88321805?
0
What is the hundred millions digit of 123714849?
1
What is the thousands digit of 463982322?
2
What is the ten millions digit of 107868802?
0
What is the hundreds digit of 4505129435?
4
What is the millions digit of 528486371?
8
What is the hundreds digit of 69358228?
2
What is the thousands digit of 504758741?
8
What is the millions digit of 37373790?
7
What is the billions digit of 1544830418?
1
What is the units digit of 945544118?
8
What is the hundreds digit of 11086400?
4
What is the ten thousands digit of 1458659260?
5
What is the hundreds digit of 140029218?
2
What is the thousands digit of 54947662?
7
What is the units digit of 1496664200?
0
What is the thousands digit of 110543883?
3
What is the thousands digit of 19399653?
9
What is the tens digit of 92190178?
7
What is the tens digit of 1320357293?
9
What is the thousands digit of 393691306?
1
What is the hundred millions digit of 1730430836?
7
What is the ten millions digit of 2986856348?
8
What is the hundred millions digit of 130742206?
1
What is the millions digit of 294726844?
4
What is the thousands digit of 64874123?
4
What is the billions digit of 4464333057?
4
What is the thousands digit of 339000291?
0
What is the hundred millions digit of 675962031?
6
What is the thousands digit of 80652916?
2
What is the millions digit of 30540162?
0
What is the ten thousands digit of 807074151?
7
What is the millions digit of 184588573?
4
What is the thousands digit of 89063777?
3
What is the thousands digit of 83209826?
9
What is the ten thousands digit of 44466098?
6
What is the hundreds digit of 36605817?
8
What is the units digit of 438255998?
8
What is the hundred thousands digit of 61373945?
3
What is the units digit of 191469259?
9
What is the tens digit of 31184459?
5
What is the tens digit of 1257843973?
7
What is the units digit of 135729907?
7
What is the ten millions digit of 529646522?
2
What is the ten thousands digit of 393712837?
1
What is the units digit of 1539769813?
3
What is the tens digit of 109525131?
3
What is the units digit of 152533678?
8
What is the hundred thousands digit of 758400428?
4
What is the millions digit of 2443806139?
3
What is the thousands digit of 103333177?
3
What is the thousands digit of 3098805701?
5
What is the units digit of 367629785?
5
What is the units digit of 33776566?
6
What is the hundred thousands digit of 1358003831?
0
What is the tens digit of 14858254?
5
What is the units digit of 307851187?
7
What is the tens digit of 1983451332?
3
What is the billions digit of 1489758620?
1
What is the hundred thousands digit of 32168242?
1
What is the ten thousands digit of 147690092?
9
What is the hundreds digit of 554609425?
4
What is the tens digit of 1594872312?
1
What is the hundred millions digit of 202798807?
2
What is the hundred thousands digit of 7604715?
6
What is the units digit of 988647987?
7
What is the hundred thousands digit of 430205943?
2
What is the hundred thousands digit of 6411925?
4
What is the hundred millions digit of 865565078?
8
What is the thousands digit of 108783392?
3
What is the hundred millions digit of 2014695493?
0
What is the hundreds digit of 2429331?
3
What is the hundred thousands digit of 945144174?
1
What is the hundred millions digit of 110904319?
1
What is the millions digit of 222911304?
2
What is the units digit of 69961?
1
What is the hundred thousands digit of 291789197?
7
What is the units digit of 2933837?
7
What is the ten millions digit of 349364074?
4
What is the tens digit of 94301821?
2
What is the units digit of 461586065?
5
What is the tens digit of 292309103?
0
What is the hundred thousands digit of 14047574?
0
What is the tens digit of 478674918?
1
What is the tens digit of 1427466424?
2
What is the millions digit of 228341738?
8
What is the tens digit of 67646760?
6
What is the ten millions digit of 36415569?
3
What is the units digit of 513426822?
2
What is the millions digit of 2976188517?
6
What is the ten millions digit of 106429570?
0
What is the ten millions digit of 1333182833?
3
What is the hundreds digit of 970336013?
0
What is the tens digit of 118123886?
8
What is the thousands digit of 3037859870?
9
What is the units digit of 144260427?
7
What is the hundreds digit of 329942285?
2
What is the millions digit of 39498645?
9
What is the thousands digit of 22737535?
7
What is the tens digit of 663067052?
5
What is the units digit of 1470542094?
4
What is the units digit of 40801097?
7
What is the billions digit of 2709340112?
2
What is the ten millions digit of 2476657964?
7
What is the hundred millions digit of 584292026?
5
What is the thousands digit of 4761459985?
9
What is the ten thousands digit of 110063018?
6
What is the millions digit of 709441667?
9
What is the ten thousands dig